 5 - 15. Suppose -r*w - 9 = -84. Suppose w*p + 1 = 76. What is the highest common factor of 40 and p?
5
Suppose 2*l - 117 = 21. Let x = 123208 + -122932. What is the greatest common factor of x and l?
69
Suppose 3*f - 194 = -2*y, 0 = 5*f - 10*f - 2*y + 322. Suppose -10*n = -376 - f. What is the highest common factor of n and 12?
4
Suppose -8 = 2*b, -5*g + 353*b - 357*b = -274. Calculate the greatest common factor of 94 and g.
2
Let u(m) = -m**2 - 14*m - 5. Let j be u(-19). Let a = j + 77. Let s(p) = -p**2 - 25*p - 45. Let i be s(a). Calculate the highest common divisor of i and 1.
1
Let o be 14*3 - (2 - (-7 - -6)). Let n = -266 - -539. What is the highest common factor of o and n?
39
Let c be (-8)/(4/3*27/(-18)). Suppose -4*q = c*x - 2*q - 340, -x + 85 = -q. What is the greatest common factor of 34 and x?
17
Suppose -5*d + t = -66, -d + 2*t + 1 = -5. Let m be (0 + -140)/((-9)/18). Let c = 294 - m. Calculate the highest common divisor of d and c.
14
Let m = 201 - -121. Suppose -14*c + m = -56. What is the greatest common factor of c and 1?
1
Let i be (393*1)/((-308)/28 + 300/27). What is the greatest common divisor of 54 and i?
27
Suppose -6*l + 14*l - 2848 = 0. Let f = -337 + l. Suppose q + 4 = 0, -s + 5*s - 5*q = 96. What is the greatest common factor of s and f?
19
Let f be (7 - -10 - 7)/(-1). Let s be (1068/(-108) - f) + (-4004)/(-9). What is the highest common factor of s and 5?
5
Suppose 2*t = -2*r + 6*r - 2108, 3*t - 2108 = -4*r. Suppose 2*v - 4*d = -6, -3*d + 21 = 3*v - 60. What is the greatest common divisor of v and r?
17
Let z(b) be the second derivative of b**4/6 - b**3/3 - 17*b**2 + 6*b - 477. Let g = -17 - -9. Let f be z(g). What is the highest common factor of 22 and f?
22
Suppose 2*r + 7 = -c, -4*r + 4*c = -2*r + 12. Let j be -37 - (-4 + r/((-12)/9)). Let q = j + 48. Calculate the highest common factor of 24 and q.
12
Suppose 3*g - 1 = 4*l, 2*g + 0*g - 24 = -2*l. Suppose g*v = -510 + 2190. Calculate the highest common divisor of 15 and v.
15
Let w(a) = a**3 - 4*a**2 + 4*a - 5. Let q be w(4). Let c be (3/(-6)*-127)/(2/(-4)). Let i = 215 + c. What is the greatest common divisor of q and i?
11
Let r(a) = 6*a**2 - 7*a - 8. Suppose 2*o = 5*c - 24, 4*c - 12 = 4. Let j be r(o). What is the highest common factor of j and 350?
10
Let y = -1817 + 1899. What is the highest common divisor of y and 1722?
82
Suppose 10*s - 53 - 116 = -49. What is the greatest common factor of 1974 and s?
6
Let g = -89 - -453. Let b be 1 - -2 - (-52 + 3). What is the highest common divisor of g and b?
52
Let w be -1 - (5 + -12) - -88. Suppose 0*m + 4*x = m - 42, 0 = -2*m + 3*x + w. Calculate the greatest common divisor of m and 10.
10
Suppose 152 = v + 4*s, 5*v = -5*s + 963 - 143. Let q be 759/18 + 5/90*-3. Calculate the highest common divisor of v and q.
42
Let r = 7442 - -7734. What is the highest common factor of r and 16?
8
Let a be 156/520 + (0 - 1857/(-10)). What is the greatest common factor of a and 4557?
93
Let w be 18/14 + -1 - 14688/(-1512). Let b be 2/(-9) + (-1888)/(-72). Let y be 4/b + 4530/130. What is the highest common factor of y and w?
5
Let a(k) = k**3 + 8*k**2 + 17*k + 11. Let c be a(-11). Let w be (-12)/42*c/14. What is the greatest common divisor of w and 2?
1
Suppose 644 = -6*k + 1988. Suppose -7*h + 8*h - k = 0. Suppose z = -z + h. Calculate the highest common factor of 28 and z.
28
Let o(u) = -3*u - 28. Suppose 0 = 3*b + 6, -3*w - 7 = 2*b + 27. Let t be o(w). Suppose 8*m = t*m + 144. Calculate the greatest common divisor of m and 6.
6
Suppose -8*v + 479 = -313. Calculate the highest common factor of v and 144.
9
Let k be (2 - 93572/(-10)) + 83/(-415). Calculate the greatest common factor of k and 49.
49
Let w be ((-156)/24)/((10/65)/(-2))*32. Calculate the greatest common divisor of w and 1183.
169
Let t(p) = 136*p - 145*p - 12*p**2 + 7 + 14*p**2 + 20. Let a be t(5). What is the greatest common factor of a and 32?
32
Suppose -148 = -f + 2*o, -584 = -4*f + 7*o - 3*o. Let w = f + -139. What is the greatest common divisor of w and 1?
1
Let m = 579 - 313. Let x be (-54)/(-7) + 76/m. Calculate the highest common divisor of x and 6.
2
Let r be 1/((-6)/(-18)*2/94). Suppose -d - 21 = 2*c, 0*d + r = -5*d + 2*c. Let o be (3 + d/6)/((-3)/462). What is the highest common factor of 21 and o?
21
Let x = 29475 - 29383. Calculate the greatest common divisor of 4830 and x.
46
Let j(n) = 91*n + 427. Let a be j(5). Calculate the greatest common divisor of a and 12.
6
Suppose 0 = -25*c + 29*c - 12. Suppose c*i + 24 = 7*i. What is the highest common factor of i and 2?
2
Let i = 4308 + -4012. What is the highest common factor of 1850 and i?
74
Let y(m) = -2*m**2 + 31*m - 72. Let g be y(9). Let x = 70 + -50. What is the highest common factor of g and x?
5
Suppose 58 = -5*g + 73. Suppose 0 = g*w - 5*h - 50, -4*w + h + 24 = -37. Calculate the highest common divisor of w and 105.
15
Let u(g) = -2*g**2 - g + 60. Let s be u(0). Suppose 84 + 14 = 2*k. Suppose s = 52*h - k*h. What is the greatest common factor of 20 and h?
20
Suppose -s = 5*k - 31, 0 = -s - 0*s + 2*k + 31. Let r be (-59768)/(-1446)*(-2)/8*-6. What is the highest common factor of s and r?
31
Let m = 22 - 17. Suppose r - 160 = -3*r + m*d, -d - 4 = 0. Suppose -4*w + 1118 = -y, -3*w + 333 = -2*y - 503. What is the greatest common divisor of w and r?
35
Let o be (19/8)/(3/48). Let c be 15372/135 + 2/15. What is the greatest common divisor of c and o?
38
Suppose 1081 = 88*o - 415. Calculate the highest common divisor of o and 119.
17
Let q = -4892 - -18363. What is the highest common divisor of 19 and q?
19
Let o be (-404274)/292*12/(-9). Calculate the highest common factor of 52 and o.
26
Suppose 5*v + 0*v + 336 = l, 5*v - 1369 = -4*l. Calculate the highest common divisor of 31 and l.
31
Let a = -174 - -294. Let c be (-4)/(4*3/(-1926)). Let t be (-7)/(147/6) - c/(-42). Calculate the highest common factor of a and t.
15
Let j(v) = -v + 8. Let y = -33 - -35. Suppose -8 = -a - 4, -5*b = y*a + 22. Let q be j(b). Calculate the highest common factor of 112 and q.
14
Let z be 513/(-95)*1070/(-3). Calculate the greatest common divisor of z and 144.
18
Suppose 0 = -4*a + 2*a - 28. Let z be (-634)/a + (-9)/((-315)/(-10)). Let f = -42 + z. Calculate the greatest common factor of f and 2.
1
Suppose 53*c - 887 - 404 = 405. Suppose -5*d + 25 = -115. Calculate the highest common factor of c and d.
4
Suppose 3*m - c = 6261, -10335 = -4*m - 3*c - 2013. Calculate the highest common factor of 15 and m.
15
Suppose 8*x = 20*x - 5664. Let z = x + -444. What is the greatest common factor of 21 and z?
7
Let r(l) = -l**3 - 4*l + 16*l**2 - 640 + 1290 - 631. Let j be r(15). Calculate the greatest common divisor of 24 and j.
8
Suppose 3*u + 2*u = 365. Suppose -3 = -z + 2, -c - 5*z = -u. Let o = 14215 + -14207. Calculate the greatest common divisor of c and o.
8
Let z be 92 + -1 + (-357 - -359). Calculate the highest common divisor of z and 111.
3
Let i be 1154/8 + 5 + (-189)/36. Let v = -180 + 540. Calculate the highest common factor of i and v.
72
Let t be 21966/5230*20/6*1. What is the highest common divisor of 504 and t?
14
Let x(s) = -68*s + 3896. Let w be x(52). What is the greatest common divisor of w and 285?
15
Let k = 20 - -8. Let u(d) = -3*d + 97. Let c be u(k). Calculate the greatest common divisor of c and 13.
13
Let h = 40 + 14. Suppose 2*n - 2*m - 116 = 0, -4*n + 5*n - h = -3*m. Calculate the greatest common factor of n and 285.
57
Let y = -13 + 17. Suppose -507 - 1149 = -y*t. Calculate the greatest common factor of 18 and t.
18
Suppose 25*d - 1633 = 2431 + 161. Calculate the highest common factor of d and 104.
13
Suppose 509291 + 274877 = 836*y. Suppose -5*x + 66 = 4*n, 11 = x - 0*n + 3*n. What is the highest common factor of x and y?
14
Suppose -2*h - 51*h = -2226. What is the greatest common factor of h and 1302?
42
Let a(h) = 9*h + 4. Let z be a(4). Let r be ((-2112)/462)/(2 + 176/(-84)). Calculate the highest common factor of z and r.
8
Let h = -37 - -67. Suppose -2*u + s + 1195 = 0, -5*u + 2*u + 1796 = 2*s. Let z = u - 588. What is the highest common divisor of z and h?
10
Suppose 191*g - 137256 = -199*g + 376*g. Calculate the greatest common factor of g and 152.
76
Suppose -5*l - g = -1685, 3667*g - 1023